
Calculate -11 + -9 + 26 - 12 - -12.
6
Calculate (-18 - (4 - (-9 + 11) - 4)) + 3.
-13
What is the value of (0 - 2) + 3 + -7 + -447 + 444?
-9
What is -7 - -10 - (0 + -2) - (13 - 1)?
-7
Evaluate -423 + 398 + (-3 - 6).
-34
-53 - -46 - (-3 - 10)
6
Calculate -40 + 39 + -23 + -7 + (0 - 0).
-31
What is the value of -38 - (-1 + -40 + 8)?
-5
What is (0 - 6) + (4 - 4) + -76 + 74?
-8
(2 - -4) + (-1 - -1) + (7 - 15)
-2
What is (1 - 1) + (-28 - -5 - -14)?
-9
-35 - (22 + (-47 - 16))
6
What is (-105 - -88) + (3 - -28)?
14
Evaluate (4 - 11) + 13 + -19 - -19.
6
What is (-5 - -2) + (1 - -9) + -4?
3
What is the value of -167 + 178 - ((-1 - -1) + 10)?
1
Evaluate -12 - (8 + (0 - 2) + -5).
-13
Evaluate 21 + (38 - 18 - 28).
13
Evaluate -32 + 19 + (12 - 9).
-10
What is the value of (6 - (-24 - -14) - 16) + 7 + -3?
4
17 + -30 + 12 + 6
5
What is the value of -5 + 3 - 1 - (-7 + 8 + -4)?
0
1 + (-9 - (-5 - (4 - (2 - -5))))
-6
What is the value of (-2 - (-8 - -16)) + 15 + -15 + -12?
-22
What is the value of -2 + -4 + (-3 + 1 - (-3 + 2))?
-7
Calculate -8 + 9 + 7 - (-5 - 0 - 3).
16
Calculate -14 - (-13 + 16 + -1 + 6).
-22
What is 12 + -24 - (-24 + 6 + 2)?
4
What is -14 + 37 + (-6 - 9)?
8
What is the value of 13 - (17 - 14 - -5)?
5
Calculate -36 + (-13 - -18) + 65.
34
Calculate -49 + 51 + -36 + (8 - 0).
-26
What is the value of -3 + -25 + 7 - (-6 - 6)?
-9
Calculate -4 + -4 + (-35 - -24).
-19
Evaluate 7 + 9 + (-10 - 1).
5
(-1 - (6 - 8) - (12 + -8)) + -27
-30
What is the value of ((4 - -4) + -8 - 9) + 3?
-6
What is (5 - 7) + 10 + -2 - 17 - 2?
-13
What is -50 - (-32 - (-15 + 9))?
-24
(29 - -2 - 16) + (-2 - -2)
15
What is the value of 57 + -49 + -12 + 0 + 17?
13
What is the value of 18 - (3 + 5 + 0)?
10
What is the value of 2 + 4 + (-50 - (-15 + 17 - 9))?
-37
What is the value of 21 - 16 - (-3 - -15 - -6)?
-13
What is the value of 1 - -5 - (-3 + 27 + -30)?
12
Calculate 3 - (7 - 2) - (-10 + 0).
8
Calculate 49 + -83 + (-5 - -35).
-4
What is 2 + 3 + (-1 - (1 + 12 + 7))?
-16
Evaluate 0 + 4 + -6 + (-19 - (-25 - 9)).
13
What is (603 - 643) + (27 - 2)?
-15
Calculate 11 + -1 + -127 + 114.
-3
What is 16 + (38 - 20 - 35)?
-1
-4 - -22 - (86 + -69)
1
Calculate 18 - (-3 - (5 - (5 - -10))).
11
6 - (31 + -6 + (-4 + 1 - -2))
-18
What is the value of 3 + 6 + -19 - -4?
-6
What is -14 + (-9 - -33) + -14?
-4
Calculate 16 + (27 - 20 - 15).
8
8 + 6 + -9 - (2 + -1 + 3)
1
Calculate -4 - (-17 + 3 + (13 - (3 + 7))).
7
What is -160 - -138 - (0 + -40)?
18
What is the value of -12 - (16 + -25) - 2?
-5
What is the value of 38 - (-34 + 85 + -39)?
26
Calculate (4 - -5) + -20 + 18 + 2.
9
What is the value of (7 - 2) + 32 + -58?
-21
Calculate -3 + (7 - 1) + (23 - 33) - 4.
-11
Evaluate -2 + 6 - (-26 - -37).
-7
-3 - (11 - (13 - 5))
-6
-1 + 1 - 2 - 2 - (1313 - 1299)
-18
-17 + (-3 - 5) + 11 - (2 + -2)
-14
What is (11 - -7) + -18 + -7?
-7
What is the value of 951 - 956 - (-22 - (0 + -2))?
15
Evaluate -7 - (-1 + 5 + -11) - (-21 + 22).
-1
8 - (-6 + -4 - -8)
10
Evaluate 24 + (-22 - 13) + 3.
-8
Evaluate -2 - ((-15 - -20) + -1 + -3 - -4).
-7
What is 24 + -24 - (-9 - (8 + -42))?
-25
Calculate -14 - 2 - -23 - -1.
8
Calculate -19 + -10 + 9 - (4 + -44).
20
Evaluate (-198 - -214) + -5 + -1.
10
What is 9 + (1 - -7 - (-172 - -176))?
13
Calculate 16 - (-4 + -3 + 11 + -3).
15
(3 - 1) + 46 + -66
-18
Evaluate (1 - 1) + -16 + 11 + (3 - 6).
-8
What is the value of 3 + 0 + (3 - (-9 + 2))?
13
What is (-3 - (9 - 1)) + (430 - 386)?
33
Evaluate -90 - (78 + -169) - (32 - 0).
-31
What is 2 + -16 + 25 - -7?
18
What is 7 - ((-3 - -2) + -4 - 4)?
16
What is the value of -8 + 9 - (-5 + 1) - (-88 + 84)?
9
What is 2 - (28 + 1 + 17 + -9)?
-35
Evaluate -69 + 35 + -12 + 27.
-19
What is the value of -8 - -4 - (5 + 2 - -1)?
-12
What is the value of 3410 + -3373 + 1 + -29?
9
Calculate (2 - (17 + -3)) + -40 + 40 + 29.
17
13 + (10 - (21 + -2 - -1))
3
Calculate 24 + (6 - 25 - -3).
8
Evaluate (1 - -7) + -2 + (-29 + 16 - -8).
1
Evaluate (-18 - -13 - -15) + (4 - -7).
21
Calculate (5 - 1 - 20) + (0 - 3 - -6).
-13
Calculate -16 - (13 - 26) - 3.
-6
Calculate 41 - (-17 + 11 + 25).
22
Calculate 12 + -6 + -4 + (1 - 18).
-15
Evaluate -4 + 11 - 2 - 7.
-2
Calculate 4 + (21 - 29) + 8.
4
Evaluate -3 + (13 + 16 + -18 - 8).
0
(-81 - -67 - (0 + -6)) + -3 + -2
-13
1 - (8 + 0) - (-14 + 74 - 90)
23
18 - (73 + -58 + (0 - 10))
13
Calculate (3 - 3) + -6 - -3.
-3
(9 - -8 - 14) + -5
-2
What is the value of 14 - (16 - 5 - -22)?
-19
Calculate 73 + -58 + (8 - 4).
19
(32 - (53 - 24)) + (-3 - -22) + -3
19
((2 - -2) + -14 - -2) + 22
14
178 + -185 + -10 + 1
-16
What is the value of -1 - 6 - 6 - -10?
-3
-31 - (2 + 2 + (-4 - -1 - -4))
-36
Calculate -63 - -58 - (0 - (0 - 7)).
-12
What is (-2 - 3) + 20 + (-20 - -13) + -4?
4
What is the value of -31 + (-10 - -29) - -5?
-7
Calculate -12 + 15 + -5 - (2 - -2).
-6
Calculate 4 - (1 + (-5 - -5) - -5).
-2
What is the value of 39 + -48 + 2 + -12 + 2?
-17
-9 + 15 + 0 - (-15 + 0 + 26)
-5
27 - 23 - (27 - 3)
-20
What is (-8 - (-5 - -13)) + 5?
-11
What is the value of 4 - (0 + 6 - -1 - -21)?
-24
What is the value of 1 + 12 + 5 + (-18 - -6) + 6?
12
5 + 9 + -17 - 5
-8
Evaluate -4 + 8 + (1 - -5 - (-11 + 22)).
-1
36 + -29 + (48 - 23)
32
Evaluate -10 + (8 - 11 - -4) + -1.
-10
Calculate -43 - -17 - (10 - (3 + 1)).
-32
Evaluate 293 + -250 + -54 + 0.
-11
Evaluate -20 + -1 + (112 - 126).
-35
-5 + (15 + -5 - (-10 + 22))
-7
31 + -16 + 13 + -11
17
Calculate (-84 + 74 - (2 - 0)) + (6 - 0).
-6
What is 2 + (-2 + -6 - -10)?
4
What is (4 - 3) + 28 + (20 + -1 - 18)?
30
What is the value of 16 - (76 + -41) - -2?
-17
What is 1 + (6 - (0 + 10)) + 13?
10
(1 - -16) + -6 + -26
-15
What is 16 + (-12 - ((-2 - -6) + -27)) + -8?
19
Evaluate -13 + 14 + -10 - (-5 - -8).
-12
What is -1 + 4 - (-41 + 19 + 32)?
-7
Evaluate -18 + (-14 - (6 + -10) - (0 + -20)).
-8
What is -34 - -40 - (7 - 5 - (6 - 1))?
9
What is the value of -20 + 0 - (-58 + (55 - -11))?
-28
What is the value of (-15 - (19 + -8)) + 14?
-12
What is the value of 8 + -4 + 3 + 55 + -52?
10
Evaluate 2 + -1 + (-8 - 3) + 4.
-6
Evaluate 3 + (31 - (12 + 2) - 11).
9
1 + (-6 - -3) + 6 + 4
8
Evaluate 22 + (-3 + -16 - 8).
-5
Calculate 16 + -24 + (-15 - -24).
1
Evaluate (-28 - -11) + -2 + 3.
-16
Evaluate -118 + 129 + (2 - (4 - -1) - 6).
2
What is the value of -45 + 2 + -19 + (19 - -14)?
-29
What is the value of 5 - (1 + 6 + (-16 + 1 - 6))?
19
What is -4 - (8 - 0 - 3 - 0)?
-9
Evaluate (-3 + 3 - 7) + (-2 - 0).
-9
What is -11 + (3 - (-12 - (12 - 11)))?
5
What is the value of 32 - (-1 + (16 - 2) + -10)?
29
What is the value of 3 - -9 - (225 - 202)?
-11
Calculate 22 - 0 - (-73 - (39 - 103)).
31
4 - (-4 + 1) - (-20 - -23)
4
Evaluate 2 + -15 + (20 - -1).
8
What is the value of -11 - (4 - (9 - (-2 + 3 + 4)))?
-11
What is the value of 6 - (6 + -15 + 4 + 12)?
-1
What is -23 + 30 + (1 - 12) - 3?
-7
Evaluate (1 - 26 - (30 + (30 - 60))) + -9.
-34
What is -6 - (-3 + 2 - (0 - -2))?
-3
-21 + 27 - (0 - -7) - (3 + -2)
-2
What is 6 - 4 - (-14 + 27)?
-11
Calculate -3 - 0 - 1 - ((7 - 30) + 1).
18
Evaluate 10 - (15 - (-14 + 13 - -9)).
3
What is the value of (25 - (3 + -1 + -3)) + (604 - 613)?
17
Calculate -6 + (-6 - -13) + -3 + -3.
-5
What is -382 + 380 + (-1 - -33)?
30
Evaluate -1 + 0 + -2 + (-60 - -71 - 11).
-3
(-8 - 0 - (11 + -10) - -36) + -4
23
What is the value of -89 + 73 - (-1 - 3) - (-14 - 0)?
2
Calculate 48 + -18 + (-4 - 7) - (-4 + 3).
20
What is the value of 17 - (-8 + 2 + 14 + -10 + -2)?
21
What is -6 - (-34 + 24 + -20 - (-6 - 0))?
18
What is (3 - 4) + 7 + -13?
-7
What is the value of -91 + 90 - ((-3 - -4) + 11)?
-13
What is the value of (5 - 1) + (22 - (89 + -48))?
-15
Evaluate -2 + 1 + (-26 - (1 + -11) - -10).
-7
Calculate (1 - -3) + (-14 - (-7 - (-3 - -4))).
-2
2 + -1 + -5 + (12 - 6 - -5)
7
What is the value of (8 - 4) + -9 - (-23 + -1 + 2)?
17
What is 15 + (15 - 14) - (1 + 3)?
12
What is the value of (-12 + (8 - 10) - -1) + -1 + 7?
-7
What is 15 - 28 - -13 - 6?
-6
What is the value of 3 + -2 + 3 + 3 + -1 + -2?
4
-29 - -12 - -13 - (3 + 4 + -4)
-7
-27 - (-16 - -23 - 29)
-5
(78 - 94) + (8 - 1) - (-1 + -3)
-5
Evaluate -6 - -3 - 12 - (310 + -309).
-16
1 - (-33 + 0 + 5 + -28 + 31)
26
What is the value of -27 - -20 - (-14 - 0)?
7
What is -3 - (1 - 5) - (5 - (-1 - -1))?
-4
What is the value of -1 - (-7 + 21 + -32)?
17
(-1 - -38) + (-256 - -237)
18
7